te the highest common factor of 1377 and l.
17
Let c be 60 - (-1)/(-2)*8. What is the highest common factor of c and 14?
14
Let u be 0 + (-3)/(-7) - (-72)/28. Suppose -u*f + 8*f - 225 = 0. Calculate the highest common factor of f and 30.
15
Let z(g) = 36*g**2 - g + 3. Let n be z(1). Let j(c) = c**3 - 24*c**2 - 23*c + 45. Let s be j(25). Calculate the highest common factor of s and n.
19
Suppose g = k - 65 + 204, -5*g + 719 = k. Calculate the highest common factor of g and 22.
11
Let a be (-70)/(-20) + (-2)/4. Suppose -3*y + 2*h + 152 + 94 = 0, a = h. Calculate the greatest common divisor of y and 12.
12
Suppose -2*m - 1 = f, 0 = 2*m + 2*m - 4*f - 4. Suppose m = 14*n - 10*n - 32. What is the highest common factor of 48 and n?
8
Let s be ((-4)/5)/(10/(-75)). Let k(x) = s*x + 3 - x - 5*x + 3*x. Let h be k(5). What is the greatest common factor of h and 12?
6
Let i = -58 - -94. What is the highest common divisor of 192 and i?
12
Let s = 205 + -163. Calculate the highest common factor of s and 399.
21
Let j be -4*21/18*-9. Suppose -2*m + 50 = -34. What is the greatest common factor of m and j?
42
Suppose 16*q = -23*q + 1677. Calculate the greatest common factor of 1376 and q.
43
Let r(d) = 2*d**2 + 24*d - 16. Let a be r(-13). Let s be 8/36 + 32/18. Let t be s*2 + 8/(-4). What is the greatest common factor of a and t?
2
Let b(h) = h**2 + 3*h + 10. Let n be b(0). Calculate the greatest common factor of n and 18.
2
Suppose -8*d = 2*n - 3*d - 230, -n + 115 = d. Suppose 0*i + 46 = 2*i. What is the greatest common factor of i and n?
23
Let k = -200 + 137. Let l = 1 + 4. Let v be l/(-3*3/k). Calculate the highest common factor of 14 and v.
7
Let y(b) = -b**3 - 41*b - 204. Let r be y(-5). What is the greatest common factor of r and 56?
14
Let w = 5 - 3. Let l be w*(-6)/(-3) - 1. Suppose -u = -l, -h - 3*u = 3*h - 49. Calculate the highest common factor of 25 and h.
5
Let f be 10 + (-28)/7*(-2)/4. Let q be (-16)/(-36)*f*(-6)/(-4). Calculate the highest common factor of 2 and q.
2
Let w = 660 - 632. What is the greatest common factor of w and 154?
14
Let y be (-2)/(-4) + (-7)/(-2). Suppose -z = -y*z + 84. Calculate the greatest common divisor of 112 and z.
28
Let x = 37 - 74. Let t be (-1 - x)*9/18. What is the highest common divisor of t and 144?
18
Let j be (270/(-25))/9*-75. Calculate the highest common divisor of 50 and j.
10
Let g(d) = -d**2 + d + 176. Let p be g(0). Let x = p - 101. What is the greatest common divisor of x and 15?
15
Let a(x) be the second derivative of x**4/6 - 7*x**3/3 - 2*x**2 - 19*x. Let g be a(10). Calculate the greatest common divisor of g and 140.
28
Let r(p) = 5*p**3 + 2*p**2 - 2*p - 5. Let a(c) = c**3 + c**2 - c - 1. Let u(t) = -4*a(t) + r(t). Let h be u(2). Calculate the highest common factor of 12 and h.
3
Let a = 38 - -2. What is the highest common divisor of 16 and a?
8
Let i be 274/18 - 4/18. Let u(p) = -p**2 + 23*p + 15. Let w be u(i). Calculate the highest common factor of 15 and w.
15
Let o be 13*(2 - 3 - -3). Let h = 20 + 6. What is the highest common factor of h and o?
26
Let w = 107 - 98. Calculate the highest common factor of w and 15.
3
Let f(w) = -w - 4. Let r(d) = -3*d + 4 - 2*d + 7*d. Let v be r(-5). Let t be f(v). What is the greatest common divisor of t and 10?
2
Let i = -22 - -31. Let y = i - -9. Suppose 3 = -c + 12. Calculate the highest common factor of c and y.
9
Let m be (-60)/(-35) - (-6)/21. Suppose -2*v - 20 + m = -5*d, -d + 7 = 3*v. Calculate the greatest common divisor of d and 8.
4
Suppose -m + 80 = 5*b, -5*b = 5*m - 280 - 80. Let z be (-12)/(-6) - -1 - (56 + 1). Let k = 82 + z. What is the highest common factor of k and m?
14
Suppose 2 = n - 50. Suppose c - x - 49 = 0, -x - n = -c + 3*x. Calculate the greatest common factor of c and 16.
16
Let h(q) = -q**3 - 4*q**2 + 3*q - 2. Let r be h(-4). Suppose -30 = -4*m - 2*m. Let v be (12 + -72)*r/m. What is the greatest common factor of v and 24?
24
Suppose -17 = -2*m - 3*c, 2*m - 2*c - 1 = 11. Let p = 16 - -5. What is the greatest common divisor of m and p?
7
Suppose -59*t + 330 = -26*t. What is the greatest common factor of t and 65?
5
Let t = -7 + 12. Let a be -4*(2310/7)/(-6). Suppose -90*g + a = -86*g. What is the greatest common divisor of g and t?
5
Let h(f) = f**3 + 13*f**2 - 13*f - 1. Let c be h(-14). Let t be ((-18)/7)/(c/140). What is the highest common divisor of t and 3?
3
Let s = -4 + 10. Suppose -10*h + x + 118 = -5*h, h - 5*x - 14 = 0. Calculate the highest common factor of h and s.
6
Let r(p) = -10*p + 144. Let j be r(0). Calculate the highest common divisor of 108 and j.
36
Suppose 2*r - 11 = 23. Suppose 0 = -2*j - 2*z + 50, 3*z + r + 16 = j. Calculate the highest common factor of j and 3.
3
Suppose -4*c + 12 = -2*w, 8*w - 3*w = -2*c + 30. What is the greatest common divisor of w and 126?
2
Let k be 4/((-1)/(5/(-2))). Let d = -1414 - -1439. What is the greatest common divisor of d and k?
5
Let w be 228 - (3 - (1 + -4)). What is the greatest common divisor of w and 6?
6
Suppose -39*i = -36*i - 120. Suppose 0 = -2*w + 4*j + 31 - 7, 2*w = -3*j + 52. What is the highest common divisor of i and w?
20
Suppose -3*h + 6*h = -5*v - 272, 2*h + 174 = 4*v. Let n = 186 - h. Let a be (-4)/(-2)*n/10. Calculate the highest common factor of 11 and a.
11
Let w(z) = 4*z**2 - 4. Let u = -37 + 33. Let h be w(u). What is the highest common factor of h and 15?
15
Let m be ((-18)/(-1))/((-1 + 2)*-1). Let b be 3/m + 748/24. Calculate the highest common divisor of 279 and b.
31
Suppose 5*i + 322 = 3*q, 0 = -2*q - 2*i - 3*i + 198. Let k = -84 + q. What is the highest common divisor of k and 4?
4
Suppose -5*b = 21 + 9. Let c = b + 8. Let w(a) = -2*a**2 - 10*a - 4. Let y be w(-4). Calculate the greatest common factor of y and c.
2
Let b(v) = 23*v - 3. Let y be b(-2). Let h = y - -24. Let x = h + 37. Calculate the greatest common factor of 18 and x.
6
Let y be (45/5)/(3/2). Let p = 44 - y. Suppose 3*j - p = -a - 3*a, 4*a - 8 = 0. Calculate the highest common factor of j and 40.
10
Let w be -1 - -2*2 - (15 + -140). Calculate the highest common divisor of w and 16.
16
Let j(t) be the third derivative of -t**5/60 - t**4/24 + 25*t**3/3 - 17*t**2. Let f be j(0). What is the greatest common factor of 75 and f?
25
Suppose -66*w = -59*w - 182. What is the highest common divisor of w and 2496?
26
Let d(b) = 81*b**2 + 25*b + 71. Let o be d(-3). Calculate the highest common factor of o and 25.
25
Let q = 234 - 213. Calculate the highest common factor of 175 and q.
7
Let t = 474 + -326. Calculate the highest common factor of 1702 and t.
74
Let p = 91 + -195. Let n be p/(-5) + (-8)/(-40). Suppose 0 = 3*c + 2*c - 35. Calculate the greatest common factor of n and c.
7
Suppose 2 + 10 = f. Suppose -4 = 15*d - 17*d. Suppose -25 = -d*v + 23. Calculate the highest common factor of v and f.
12
Let z = -40 + 92. Let m be (-1)/((-5)/(-2)) + 871/(-1105)*-17. What is the greatest common divisor of m and z?
13
Let j = -189 + 237. What is the highest common factor of 848 and j?
16
Let r be 1*(-9)/(-3) + 389. Calculate the highest common factor of 112 and r.
56
Suppose 4*m - 2*m - 62 = 0. Let j = m - 26. Calculate the greatest common divisor of 55 and j.
5
Let n(b) = -b**3 - 6*b**2 + 11*b + 6. Let a be n(-9). Calculate the greatest common divisor of a and 125.
25
Let p be 6/(-5)*520/(-12). Suppose o - 48 = 141. Suppose 201 = 5*n - o. Calculate the greatest common factor of p and n.
26
Let j = -1277 - -1613. What is the greatest common factor of 528 and j?
48
Let x = 23 - 12. Suppose 11*o = 14*o - 231. Calculate the greatest common factor of x and o.
11
Let t be 15/(-6)*(-8)/4. Suppose 4*d + t*c - 55 = -d, 3*c + 65 = 4*d. What is the greatest common divisor of 7 and d?
7
Suppose -3*k + 47 = -m, 0*m + 4*m + 5*k + 120 = 0. Let o = -25 - m. Let c(g) = -4*g + 30. Let w be c(5). Calculate the greatest common factor of o and w.
10
Let d = -22 - -40. Let v be (-2 + d/5)/((-4)/(-10)). What is the highest common divisor of v and 44?
4
Let m = -379 + 472. Calculate the highest common divisor of 589 and m.
31
Suppose -1313 + 253 = -10*y. Calculate the greatest common divisor of 2 and y.
2
Let d = 10 + -10. Suppose -6*m + 3*m + 6 = d. Let q be 5 - (m + (-9)/3). What is the greatest common factor of 48 a